mainder when i(-6) is divided by 127.
6
Let m be 391/85 - ((-48)/20 + 3). Suppose -3*w - 4*s = -0*w - 98, m*w = 4*s + 168. What is the remainder when 104 is divided by w?
28
Calculate the remainder when (1*-1)/((-4)/676) is divided by ((-57)/(-3) + (0 - -3))/((-141)/(-282)).
37
Let g(r) = -r**2 + 15*r - 15. Calculate the remainder when 5*(-90)/(-3) + 3 is divided by g(13).
10
Suppose 5*f - 10 = 0, f + 3 + 10 = u. Let o(g) = 63*g + 22. Let x be o(3). Suppose -731 = 194*d - x*d. Calculate the remainder when d is divided by u.
13
Suppose 3*b - 185 = o, -5*b + b + 5*o = -243. Suppose 2649*z = 2641*z + 168. Calculate the remainder when b is divided by z.
20
Let m(y) = 18*y - 14. Let u(b) = -19*b + 14. Let r(w) = 6*m(w) + 5*u(w). Let i be r(5). Suppose 0*s = -3*s + i. What is the remainder when 32 is divided by s?
15
Let q(u) = 4*u - 69. Calculate the remainder when 402 is divided by q(25).
30
Suppose -4*f + 6 = -5*q, 4*q = -0*q + 2*f. Suppose q*c - 7 = 3. Let p(d) = -2*d + 4. What is the remainder when p(-3) is divided by c?
0
Let p be 62/279 + (-34)/(-9). Suppose 3*w - 360 = l + p*l, -3*w + 354 = -3*l. Calculate the remainder when w is divided by 34.
13
Suppose 215 + 361 = 3*g. Calculate the remainder when 138 is divided by 40*(-6)/g*-8.
8
Suppose 17 + 13 = 5*p. Let r = -81173 - -81253. What is the remainder when r is divided by p?
2
Let g be (4/10)/((-7)/(-1295)). Suppose k - 49 = -2*v, -3*v + 0*k = k - g. Suppose v*w - 16 = 24*w. Calculate the remainder when 29 is divided by w.
13
Suppose -11*o - 171 = 258. Let f = 101 + o. Suppose -88 = -f*s + 58*s. Calculate the remainder when 41 is divided by s.
19
Let h(s) = s - 4. Let j(p) = -5*p + 51. Let f(x) = -2*h(x) - j(x). What is the remainder when 359 is divided by f(18)?
7
Suppose 5*u = 9*u - 8. Suppose -2*l + 104 = u*l. Let z = 50 + 26. What is the remainder when z is divided by l?
24
Calculate the remainder when 201 is divided by 1*-2 - -11 - 0 - (271 + -356).
13
Suppose 0 = -i + 46 + 29. Let d = 122 + 6. Let n = 149 - d. What is the remainder when i is divided by n?
12
Let c = -9 - -26. What is the remainder when 67 is divided by (c - 2) + 0 + (9 - 5)?
10
Let q be ((-5)/4)/((-2)/(-80)). Let u be q/(-4)*10/25. Suppose 2*s - r - 93 + 27 = 0, -u*s - 2*r + 156 = 0. What is the remainder when 63 is divided by s?
31
Suppose 4*v + 7 = 4*g - 5, -9 = -3*g - 2*v. Let r(j) = 33*j - 506. What is the remainder when r(16) is divided by g?
1
Calculate the remainder when 405 is divided by 176 + 1 + 14 + -9.
41
Let o = 26 + 23. What is the remainder when (-4316)/(-40) + 81/810 is divided by o?
10
Let d be (5/3)/((-50)/12 - -5). Suppose 4*x = -3*n + 93, -d*x - 132 = -4*n - 8. What is the remainder when n is divided by 14?
3
Calculate the remainder when 233 is divided by (68/5)/(1687/2410 + (-6)/10).
97
Suppose -2*c + 1457 = -77*i + 78*i, 0 = -i + 4*c + 1427. What is the remainder when 4355 is divided by i?
14
Suppose -4*w + 2*u = 14, 0 = -3*w + 4*w + 2*u + 16. Let i be w + (-169)/3 - 2/3. Let f = 76 + i. What is the remainder when f is divided by 3?
1
Let d(i) = 4*i - 127. Let s be d(16). Calculate the remainder when 8 is divided by 21/s - 22/(-3).
1
Let a(n) = -n + 48. Let r be a(49). Calculate the remainder when r/(4 - (-513)/(-128)) is divided by 43.
42
Suppose -22*f + 19*f = -13*f + 800. What is the remainder when 390 is divided by f?
70
Let l be 594/121 - (-1)/11. Let p(c) = c**3 - 4*c**2 + 11*c - 33. Calculate the remainder when p(l) is divided by 40.
7
Suppose -3*z + 3*s + 491 = -1081, -3*z + 1567 = 2*s. Let c = -396 + z. What is the remainder when c is divided by 13?
10
Let y(b) = -2*b**2 - 7*b + 4932. Let r be y(0). What is the remainder when (r/90)/((-2)/(-5)) is divided by 28?
25
Let n(t) = -2*t**2 + 16*t - 14. Let m be n(5). Suppose -m*k = -2*k - 3486. What is the remainder when k is divided by 36?
33
Suppose 3*f = -5*f + f. Suppose f = 4*c + 8, 3*p + 3*c - 61 = 2*c. Calculate the remainder when 35 is divided by p.
14
Let u be -1*(2 + -7 + 1). Suppose u = x + 1. Calculate the remainder when -3 + (-554)/(-6) + (-1)/x is divided by 13.
11
Let k(u) = -u**2 - 7*u - 1. Let t be 53/(-7) + (-9)/21. Let h be k(t). What is the remainder when 17 is divided by -4 + 0 - h - -1?
5
Let o be (-8)/44 + 4/22. Suppose 3*y = d - 9, -3*d + y = -o*d - 11. Calculate the remainder when 11 + (3 - 2) - -6 is divided by d.
0
Let x(b) = b**3 - 26*b**2 + 83*b + 190. Calculate the remainder when 89 is divided by x(22).
9
Suppose 182 = 3*r - 55. Let m(s) = s**3 + 2*s**2 - 8*s + 8. Let l be m(-4). What is the remainder when r is divided by -6*((-70)/(-20) - l)?
25
Suppose -55*p + 10262 + 85090 = 32*p. Calculate the remainder when p is divided by 361.
13
Let u = -4086 + 4249. What is the remainder when u is divided by 12?
7
Let y = -80 - -154. Let n(g) = 15*g**3 + g - 1. Let t = 2 + -1. Calculate the remainder when y is divided by n(t).
14
Let w = 4497 - 4245. What is the remainder when w is divided by 37?
30
Let g(t) = t**2 + 14*t + 41. Let b be g(-11). Let l(a) = -4*a**2 + 39*a + 7. What is the remainder when l(b) is divided by 32?
31
Let u = -11213 + 11320. What is the remainder when 982 is divided by u?
19
Suppose -2*v = 3*s - 600 + 71, -2*v + 4*s = -508. Calculate the remainder when v is divided by 37.
1
Suppose -1001*v - 1898 = -1027*v. Calculate the remainder when 583 is divided by v.
72
What is the remainder when 377 is divided by 4/(-3) + (-488)/183 - -104?
77
Let o = -11289 + 11540. Calculate the remainder when 288 is divided by o.
37
Let j = -1062 - -1081. Calculate the remainder when 890 is divided by j.
16
Calculate the remainder when 775 is divided by (-160)/6*-12 - 43/(172/24).
147
Let q = -83 - -57. Let l = -23 - q. What is the remainder when 29 is divided by (l/(-12))/(-1) - (-155)/20?
5
Calculate the remainder when 5837 is divided by ((-16)/52)/(-2) + (-13 - 58944/(-156)).
362
Suppose -5*p = -4*b - 1487, 4*b + 0*p + 1507 = p. Let o = b - -495. Calculate the remainder when o is divided by 20.
17
Let u(q) be the second derivative of -q**5/20 + 5*q**4/12 - q**3/3 + 3*q**2/2 + 9*q - 2. What is the remainder when 85 is divided by u(4)?
8
Suppose 3*w - 6 = v, -v - 7 = w - 13. Suppose v*a + 5*l = 230, -3*l = -0*l - 12. Calculate the remainder when a is divided by 32.
6
Let u be 475/35 + (-15)/(-35). Suppose 4*b = -w + u - 2, 48 = 4*w + 4*b. What is the remainder when (66/5)/((-24)/(-80)) is divided by w?
8
Let v = 563 + -327. Suppose 4*d - v = -0*d. What is the remainder when d is divided by 24?
11
Suppose 66*j - 48*j - 270 = 0. What is the remainder when 668 is divided by j?
8
Suppose -3*g + 687 = -537. Suppose 5*f + 3*f - g = 0. Let k = -25 + f. What is the remainder when k is divided by 14?
12
Let a be 12/(-14)*(9 - 30). Let f(u) = 1 + u + a - 5. Calculate the remainder when 26 is divided by f(-7).
5
Let u(t) = 87 - 26 + 11*t - 3 + 129. What is the remainder when u(-15) is divided by 10?
2
Suppose 2*k = -2*k, -5*c - 2*k = -950. Suppose 14*r = c - 22. Calculate the remainder when r is divided by 4.
0
Let w = 6175 + -6146. What is the remainder when 448 is divided by w?
13
Let h be 2/4 - (82/(-4) - 1). Suppose -h*r = -17*r - 120. Let t(w) = 2*w**2 - w. What is the remainder when t(7) is divided by r?
19
Let h = 48 - -657. What is the remainder when h is divided by 342?
21
Let n = -983 - -1414. Suppose n = 7*i - 31. Suppose 282 = 8*g + i. Calculate the remainder when g is divided by 15.
12
Suppose 5*v + 196 = 3*f, v + 3 = 4. Let j be ((-165)/9)/5*3. Let z = j + 34. What is the remainder when f is divided by z?
21
Let f be 17*9/2*(-392)/196. Let m = -100 - f. Calculate the remainder when m is divided by 6.
5
Let h(l) = l**3 + 10*l**2 + 3*l. Suppose -f + 6*f = 65. Suppose -2*n = 31 - f. What is the remainder when h(n) is divided by 19?
16
Calculate the remainder when 18/10 - (18930/(-25) - 10) is divided by 14.
13
Let k = 83 - -162. Suppose 360 = r + k. What is the remainder when 919 is divided by r?
114
Suppose -i - f + 44 = 0, -47 = 22*i - 23*i + 2*f. What is the remainder when i is divided by 26?
19
Let y(g) = -g**2 - 25*g - 58. Let z be y(-10). Let h = z + -66. Calculate the remainder when 205 is divided by h.
23
Suppose 70 - 55 = 5*x. Calculate the remainder when ((-30)/4)/((-231)/(-22) - 12) is divided by x.
2
Su